7 + 67 = 5*j + 2*t. What is the highest common divisor of 24 and j?
12
Suppose -2*h - 3*b + 23 = 0, 0 = 3*h + 5*b - 28 - 7. Suppose -41 = -2*o + 9. What is the highest common divisor of o and h?
5
Suppose 6*m - 6 = 3*m. Calculate the highest common divisor of m and 2.
2
Suppose 4 = -2*m, c = -3*m + 1 + 9. Suppose s - 5*n + 11 = -2*n, -c = 4*n. Let a = s - -42. Calculate the greatest common divisor of 76 and a.
19
Let x be ((-1)/2)/((-4123)/588 + 7). Calculate the highest common factor of x and 56.
14
Suppose -2*g + 3*g - 172 = -3*s, -4*g = -16. Suppose 4*q - 2*a = s, 2*q - a = 5*q - 52. Let i = q + -9. Calculate the greatest common divisor of i and 28.
7
Suppose -8 + 12 = d. Suppose -d*r + 408 = -r. What is the greatest common divisor of 17 and r?
17
Let n be (-1 - -4)/((-1)/(-3)). What is the highest common factor of n and 90?
9
Suppose m + 2*k = 31, -4*m + k = -51 - 28. What is the highest common divisor of m and 84?
21
Let h be 4/(4/(-2))*-14. Let m = 118 - 6. What is the greatest common factor of m and h?
28
Let c be 1/(-2) - (-266)/4. Suppose 3*l - c = 5*z, -l + z = 7 - 27. Calculate the greatest common factor of l and 17.
17
Suppose 4*d + 3*t = 39, d + 2*t + 3 - 19 = 0. Suppose 2*u + 62 = x, u - 3*u - 5*x = 62. Let b = 73 + u. Calculate the highest common factor of d and b.
6
Let k be (1 + 7 - 1) + 4 + -1. Let y = 142 + -92. What is the highest common divisor of k and y?
10
Let u = 1 + 4. Suppose -2*b + b = u*x + 19, -4*b = 4*x - 4. Calculate the highest common divisor of b and 24.
6
Suppose 0 = 4*s - 4*v - 84, 3*s - 39 = 2*v - 5*v. Let k(f) = 2*f**2 - 2*f + 9. Let y be k(9). What is the highest common divisor of s and y?
17
Suppose x - 6*x + b + 728 = 0, 6 = -2*b. Calculate the greatest common divisor of 29 and x.
29
Suppose -2*u + 12 = -2. Suppose 5*s = -4*d + 181, -86 - 147 = -5*d - 4*s. What is the greatest common factor of d and u?
7
Let j = -24 + 36. Calculate the highest common factor of j and 6.
6
Let f be (12 - 10)/((-2)/(-2)). Let l be (-21)/(-2) + 1/2. Let t be l/(f/(-6)*-3). Calculate the highest common divisor of 11 and t.
11
Suppose -2*w + 0*w + 6 = -5*a, -6 = -5*a - 2*w. Let c = a + 1. Let k = -11 - -19. Calculate the highest common divisor of c and k.
1
Let d = 66 + -49. Calculate the greatest common divisor of d and 85.
17
Let d(a) = a + 2. Let t be d(5). Suppose -1 = 2*o + t. Let b be 1 + 14 - (o - -3). Calculate the greatest common divisor of 128 and b.
16
Let f = 62 + -46. What is the highest common factor of f and 4?
4
Let b be 7*(-7)/(49/(-30)). Calculate the highest common factor of b and 45.
15
Let u be (-1 - 0) + -1 + 107. What is the greatest common factor of u and 15?
15
Suppose 0 = 2*q + 2*q - 48. Suppose -107 = b + 76. Let m = b + 279. What is the highest common divisor of m and q?
12
Suppose 58 = -6*o + 8*o. What is the highest common factor of o and 232?
29
Let z = 6 - -69. What is the highest common divisor of z and 30?
15
Let i be (-14)/3*(-144)/12. What is the highest common divisor of i and 14?
14
Let k(r) = r**3 + 3*r**2 - r. Let p be k(-3). Let z = 111 - -57. Suppose -h - 5*b - z = -p*h, -2*h + b = -168. Calculate the greatest common factor of h and 12.
12
Let h be (-8 - -6) + 7 + 1. Let q be (-3)/(-3)*-2 - -56. What is the highest common factor of h and q?
6
Suppose z - 16 = -3*z. Suppose -j + 19 = -z*s - 1, -3*j = s - 21. Suppose 2*v = -3*q + 116, 3*v - 5*v - 4 = 0. What is the greatest common factor of j and q?
8
Suppose 4*a - 107 = b, b + b = 2*a - 46. Let n = -7 - -21. What is the highest common divisor of a and n?
14
Suppose 0*b = 3*b + 186. Let m = b + 89. Let u = -125 + 233. Calculate the highest common divisor of u and m.
27
Suppose 65 = 3*z - 3*d - 40, z = 5*d + 31. Calculate the highest common factor of z and 90.
18
Let o be 12/(-9)*2085/(-10). Suppose -26 - o = -4*c. Calculate the highest common divisor of 19 and c.
19
Let c = 355 + -179. What is the highest common divisor of 22 and c?
22
Suppose 378 = 3*j - 3*t, -j + 72 + 54 = 4*t. Calculate the highest common factor of j and 18.
18
Suppose -21*c = -17*c - 72. Calculate the greatest common factor of c and 18.
18
Suppose -112 = i - 1057. Suppose i = 4*r + r. Suppose 5*v + 21 = 6*v. What is the greatest common divisor of r and v?
21
Suppose -132 = -0*d - 2*d. Suppose -4*g + 12 = 0, -3*g = v + 2*v - d. Suppose 0 = h + 3*h - 76. Calculate the highest common divisor of h and v.
19
Let w(x) = -7*x**3 + 4*x**2 - 2*x - 1. Let g be w(2). Let y be (-4)/(-4) + 14/1. Let p = y - g. What is the highest common factor of p and 6?
6
Let b(k) = k + 14. Let a be b(-9). Calculate the highest common divisor of a and 5.
5
Let h = 6 + 12. Suppose 5*g - 4*b + h = 3*g, -5*g + 25 = 4*b. Let o(u) = u**2 + 7*u - 5. Let z be o(-8). What is the highest common factor of g and z?
1
Suppose -o = -3*u - 8, 2*u - 2*o = 4*u - 8. Let k(m) = -12*m. Let c be k(u). Calculate the greatest common divisor of c and 48.
12
Let r be 9 - 4/8*-4. What is the greatest common divisor of r and 55?
11
Let h = -73 + 157. Calculate the highest common divisor of 12 and h.
12
Let v be (0 - -18)/(6/4). Let k = 6 + -2. Calculate the highest common factor of k and v.
4
Let o(d) = d**3 + 10*d**2 - 8*d + 39. Let a be o(-11). What is the greatest common factor of 6 and a?
6
Let f(c) = c**3 - 4*c**2 - 5*c + 2. Let p be f(5). Let n = 9 - p. Suppose n = 5*y + 2. What is the highest common factor of y and 9?
1
Let z(q) = 27*q**3 - 1. Let l = 3 + -2. Let p be z(l). Suppose 3*a - 2*a - p = -2*y, 0 = y - 5*a - 24. Calculate the greatest common factor of y and 154.
14
Suppose -740 = -4*x + 4*z, 4*x - x - 4*z = 555. What is the highest common divisor of x and 37?
37
Suppose -4*p - 4*m - 2 = -3*p, 2*m + 28 = 4*p. Let n be 16/p + 6/(-9). What is the highest common factor of n and 18?
2
Let q = 261 + -53. Calculate the highest common divisor of 26 and q.
26
Let i(t) = 9*t - 2. Let p(h) = -h. Let c be p(-2). Let n be i(c). Suppose -n = a - 126. Calculate the greatest common factor of a and 10.
10
Suppose 5*l - 16 = -4*t, 3*l - 5 = 2*t + 9. Let w be (l + -2)/((-2)/(-3)). Let m(x) = 8*x - 4. Let y be m(w). What is the greatest common divisor of 8 and y?
4
Let a be (-42)/4*(-36)/21. Let x(c) = -c**3 + 18*c**2 + 2*c - 4. Let l be x(a). What is the greatest common divisor of l and 4?
4
Suppose 0 = 4*d - 27 - 329. Suppose -4*t = -s + d, 3*s - 6*s = -t - 234. Calculate the greatest common divisor of 11 and s.
11
Let i be (-7)/2*(-5)/((-30)/(-24)). Suppose -2*a + 89 = u, 87 = 3*a + 5*u - 64. Calculate the greatest common factor of a and i.
14
Let l be 1758/(-15) + (-3)/(-15). Let q = l - -238. Let p = 15 + -4. Calculate the highest common factor of p and q.
11
Let x = -21 + 39. Suppose -29*l + 144 = -27*l. What is the greatest common factor of x and l?
18
Suppose u + 4*d - d - 9 = 0, 0 = 4*u - 2*d + 34. Let y be u/(-9)*3 - -196. Calculate the greatest common divisor of y and 18.
18
Suppose -5*y - 2 = 3, 47 = 5*s - 2*y. Let q(t) = -4*t + 9. Let x be q(-7). Let r be x + 3 + -2 + -2. What is the highest common divisor of s and r?
9
Let a = -68 - -73. What is the greatest common factor of 10 and a?
5
Let a = -7 + 11. Suppose 208 = a*q + 28. What is the greatest common divisor of 5 and q?
5
Suppose 0 = -2*s + 6 + 12. Let r be (-8)/(-1 + s/15). Calculate the greatest common divisor of r and 30.
10
Suppose 3*t = -0*t - 15, 3*c + t = -29. Let m = c + 29. Let r(w) = 7*w**2. Let j be r(-1). What is the greatest common factor of m and j?
7
Let w(c) = c**3 + 7*c**2 - 11*c - 4. Let y be w(-8). What is the greatest common divisor of 5 and y?
5
Let j = 11 - 8. Let v be 28*(2 + j/(-2)). Calculate the highest common divisor of v and 7.
7
Let p be ((-4)/(-6))/(2/9). Suppose -p*z = j + 8, 3*z - 1 = j - 11. Let g be 2 + 17 + j + -2. What is the greatest common divisor of g and 2?
2
Let d be ((-6)/(-4))/(5/550). Let l(k) be the first derivative of k**3 - 3*k**2/2 - 3*k + 1. Let t be l(3). What is the greatest common factor of t and d?
15
Suppose -4*p - 2*i + 5 = -21, -i = 3. Let m be 438/p - 1/(-4). What is the greatest common divisor of m and 5?
5
Let u(d) = -26*d + 1. Let l be u(-1). Let k(z) = z + 1. Let s be k(7). Let t be 28/s - 3/6. What is the highest common factor of l and t?
3
Let o = 7 + -4. Suppose -3*y - 23 = 2*z, -z + 20 